te the greatest common factor of 7612 and 44.
44
What is the highest common divisor of 242 and 2?
2
What is the greatest common divisor of 328 and 8?
8
What is the greatest common divisor of 6936 and 216?
24
Calculate the highest common divisor of 93 and 62.
31
What is the greatest common factor of 128 and 912?
16
Calculate the greatest common factor of 48 and 1272.
24
Calculate the highest common factor of 4278 and 138.
138
Calculate the greatest common divisor of 78 and 156.
78
Calculate the greatest common divisor of 115 and 3979.
23
What is the greatest common divisor of 264 and 16?
8
What is the greatest common factor of 448 and 192?
64
What is the highest common divisor of 1029 and 21?
21
Calculate the highest common factor of 1700 and 400.
100
Calculate the highest common factor of 66 and 363.
33
Calculate the greatest common divisor of 1185 and 30.
15
Calculate the highest common divisor of 517 and 94.
47
What is the highest common divisor of 224 and 84?
28
Calculate the greatest common divisor of 4380 and 90.
30
Calculate the greatest common divisor of 23267 and 878.
439
What is the greatest common divisor of 350 and 125?
25
What is the greatest common divisor of 29 and 203?
29
Calculate the highest common divisor of 29 and 1363.
29
What is the greatest common factor of 210 and 6?
6
What is the greatest common factor of 300 and 1680?
60
Calculate the highest common divisor of 22 and 539.
11
Calculate the greatest common divisor of 15 and 2310.
15
Calculate the highest common factor of 4 and 1020.
4
Calculate the highest common divisor of 1565 and 5.
5
Calculate the greatest common divisor of 672 and 42.
42
Calculate the highest common factor of 8 and 104.
8
What is the greatest common factor of 27786 and 66?
66
What is the highest common divisor of 9 and 33?
3
What is the greatest common divisor of 90 and 18?
18
What is the highest common divisor of 11401 and 52?
13
What is the highest common factor of 756 and 28?
28
Calculate the greatest common divisor of 468 and 35724.
156
What is the greatest common divisor of 6 and 1911?
3
What is the greatest common divisor of 60 and 102?
6
Calculate the greatest common divisor of 329 and 141.
47
Calculate the highest common divisor of 1 and 2.
1
Calculate the highest common factor of 1343 and 474.
79
Calculate the highest common divisor of 610 and 40.
10
Calculate the greatest common divisor of 142 and 71.
71
What is the highest common divisor of 2 and 162?
2
What is the greatest common factor of 3159 and 39?
39
Calculate the highest common factor of 112 and 308.
28
Calculate the greatest common divisor of 64 and 12.
4
What is the greatest common divisor of 110 and 1265?
55
What is the highest common divisor of 2728 and 572?
44
What is the highest common divisor of 196 and 3710?
14
Calculate the greatest common factor of 8 and 200.
8
Calculate the highest common divisor of 12029 and 23.
23
What is the highest common divisor of 301 and 129?
43
What is the highest common factor of 55 and 11?
11
What is the highest common divisor of 6 and 750?
6
What is the greatest common factor of 390 and 208?
26
Calculate the highest common factor of 38 and 950.
38
What is the greatest common factor of 3074 and 174?
58
What is the greatest common factor of 171 and 133?
19
What is the highest common divisor of 8 and 2512?
8
Calculate the greatest common divisor of 240 and 27.
3
Calculate the greatest common divisor of 54 and 684.
18
What is the greatest common factor of 1134 and 7?
7
What is the greatest common factor of 5499 and 117?
117
Calculate the greatest common factor of 20651 and 428.
107
Calculate the greatest common divisor of 5287 and 17.
17
What is the highest common factor of 6027 and 14?
7
What is the greatest common divisor of 1222 and 94?
94
Calculate the highest common divisor of 380 and 620.
20
What is the highest common divisor of 128 and 48?
16
Calculate the greatest common divisor of 36 and 5862.
6
What is the greatest common factor of 5974 and 58?
58
Calculate the highest common factor of 339 and 904.
113
Calculate the greatest common divisor of 76 and 1444.
76
What is the highest common factor of 2250 and 18?
18
Calculate the highest common divisor of 10 and 4265.
5
Calculate the highest common factor of 27 and 21.
3
What is the highest common divisor of 115 and 5?
5
Calculate the greatest common divisor of 22 and 143.
11
What is the greatest common factor of 1414 and 7?
7
Calculate the greatest common factor of 12 and 3156.
12
What is the greatest common divisor of 33467 and 98?
49
Calculate the greatest common factor of 48 and 111.
3
What is the highest common divisor of 2050 and 550?
50
What is the highest common divisor of 351 and 156?
39
Calculate the greatest common factor of 2 and 146.
2
Calculate the highest common divisor of 4 and 1486.
2
Calculate the greatest common divisor of 15 and 215.
5
Calculate the highest common factor of 7 and 197.
1
What is the greatest common factor of 102936 and 24?
24
What is the greatest common divisor of 36 and 780?
12
What is the highest common factor of 138 and 184?
46
Calculate the greatest common factor of 82 and 5699.
41
Calculate the highest common factor of 1260 and 740.
20
What is the greatest common factor of 44 and 44?
44
Calculate the highest common divisor of 875 and 40.
5
Calculate the highest common divisor of 12 and 1026.
6
Calculate the highest common divisor of 406 and 232.
58
What is the greatest common factor of 1254 and 66?
66
Calculate the highest common divisor of 23 and 115.
23
Calculate the greatest common divisor of 35 and 2751.
7
Calculate the highest common factor of 440 and 407.
11
What is the greatest common divisor of 434 and 28?
14
What is the highest common divisor of 1 and 101?
1
Calculate the greatest common factor of 5887 and 14.
7
Calculate the highest common divisor of 3612 and 84.
84
Calculate the greatest common factor of 57 and 95.
19
What is the highest common divisor of 143 and 117?
13
What is the highest common divisor of 135 and 585?
45
What is the greatest common factor of 55 and 44?
11
Calculate the highest common divisor of 48475 and 350.
175
Calculate the greatest common factor of 567 and 9.
9
What is the greatest common divisor of 630 and 180?
90
What is the greatest common factor of 210 and 14?
14
Calculate the highest common divisor of 3760 and 16.
16
Calculate the greatest common divisor of 11798 and 272.
34
Calculate the highest common factor of 289 and 2.
1
What is the highest common divisor of 34 and 68?
34
What is the highest common divisor of 121 and 13189?
121
What is the greatest common divisor of 24 and 1968?
24
What is the highest common factor of 70 and 140?
70
Calculate the greatest common divisor of 29 and 5771.
29
What is the highest common factor of 7 and 1204?
7
Calculate the highest common divisor of 16 and 296.
8
Calculate the greatest common factor of 5316 and 12.
12
What is the greatest common divisor of 2360 and 1080?
40
Calculate the highest common divisor of 2117 and 464.
29
Calculate the highest common factor of 11 and 99.
11
Calculate the greatest common divisor of 45540 and 92.
92
What is the highest common divisor of 2787 and 3?
3
Calculate the highest common divisor of 175 and 1855.
35
What is the highest common factor of 14 and 3353?
7
What is the greatest common divisor of 50 and 40?
10
Calculate the highest common divisor of 418 and 550.
22
What is the highest common divisor of 39 and 19?
1
What is the highest common divisor of 68 and 17?
17
Calculate the highest common divisor of 33 and 165.
33
Calculate the greatest common divisor of 2682 and 36.
18
Calculate the highest common divisor of 13 and 25363.
13
Calculate the greatest common factor of 4320 and 192.
96
What is the greatest common factor of 3009 and 306?
51
What is the highest common factor of 3 and 164?
1
Calculate the greatest common factor of 578 and 102.
34
What is the highest common divisor of 62 and 16?
2
Calculate the highest common factor of 41817 and 159.
159
What is the highest common factor of 8 and 50?
2
What is the highest common divisor of 14 and 2373?
7
Calculate the highest common divisor of 76 and 19.
19
Calculate the highest common factor of 7707 and 21.
21
Calculate the highest common